, what is -38da - 10e?
-39e8
In base 13, what is -ba9 - -34c6a?
34091
In base 2, what is -100010 - -101111011001001111000011?
101111011001001110100001
In base 12, what is -4 - -125ba6a?
125ba66
In base 12, what is 8 + -79b1761?
-79b1755
In base 7, what is 11162552 - 44?
11162505
In base 13, what is 198c325 - -5?
198c32a
In base 2, what is 1011001111100000111110 - -10?
1011001111100001000000
In base 6, what is 1141135 + -45?
1141050
In base 12, what is -5b33b + 23?
-5b318
In base 9, what is -225 - 238705?
-240031
In base 10, what is 3693323 - -9?
3693332
In base 12, what is 13 - 744ab8?
-744aa5
In base 3, what is 10 + 2020202101002?
2020202101012
In base 14, what is 55cb - -193?
5780
In base 12, what is 81598928 - 0?
81598928
In base 7, what is 500664153 + -4?
500664146
In base 4, what is 23121302 - -113023?
23300331
In base 10, what is 7160 + -44539?
-37379
In base 8, what is 1470742 + 416?
1471360
In base 4, what is -10 - 20300102023?
-20300102033
In base 15, what is 21166e + -bd?
2115a1
In base 4, what is 21 - 210032012233?
-210032012212
In base 7, what is 41533 + 6446?
51312
In base 12, what is 0 + 1061654?
1061654
In base 14, what is -2 + 29b1923?
29b1921
In base 2, what is 11101101 + -101010110110000?
-101010011000011
In base 7, what is 516 + -60131?
-56312
In base 11, what is -56 + 448a58a?
448a534
In base 14, what is -5 + 77b26?
77b21
In base 10, what is -91 + 106459?
106368
In base 15, what is -10 + -6754d?
-6755d
In base 4, what is 11 - -11023120333?
11023121010
In base 4, what is -33122010 - -2233?
-33113111
In base 3, what is -11022112211202 - -10?
-11022112211122
In base 15, what is -1125d - -83?
-111ca
In base 15, what is -92 + -376?
-418
In base 8, what is 422024 + 3?
422027
In base 13, what is 19 + -956ba6?
-956b8a
In base 12, what is 241177 + -1887?
23b4b0
In base 3, what is -2 + -1212110121202100?
-1212110121202102
In base 5, what is 23 + 32240311?
32240334
In base 12, what is -21b935 + 9?
-21b928
In base 3, what is 0 + 11100101211010?
11100101211010
In base 10, what is -448 + 34646?
34198
In base 13, what is -3 + -14a6532c?
-14a65332
In base 7, what is -3 - 41121062?
-41121065
In base 13, what is -18 - 1005593?
-10055ab
In base 9, what is -117124 + -64?
-117188
In base 5, what is -30404243 - 21?
-30404314
In base 8, what is -12 + 26477474?
26477462
In base 15, what is -53 - -117eca?
117e77
In base 16, what is -3d91f + -3a0?
-3dcbf
In base 14, what is 3 - -dd9165?
dd9168
In base 12, what is -4 - -210130?
210128
In base 5, what is 2 + -4442024240?
-4442024233
In base 8, what is -231 - -765?
534
In base 3, what is -10 - -2111000212222201?
2111000212222121
In base 3, what is 21212 - 20111211?
-20012222
In base 14, what is -1 + -13b09511?
-13b09512
In base 13, what is -4097a + -4?
-40981
In base 5, what is -204414331 - 3221?
-204423102
In base 6, what is -332533241 - -2?
-332533235
In base 7, what is 2 + -1350235332?
-1350235330
In base 8, what is 1077065 + 0?
1077065
In base 7, what is 2150 - 20662?
-15512
In base 9, what is -15565 - -1168?
-14386
In base 10, what is -8190767 + -5?
-8190772
In base 11, what is -88 - -137111?
137034
In base 8, what is -654 - 32273?
-33147
In base 8, what is -7160 + -22061?
-31241
In base 15, what is 33acdb + -1?
33acda
In base 2, what is -11001111001100011 + -101000001000?
-11010100001101011
In base 10, what is -510 - -31893?
31383
In base 4, what is 11323333 + -220331?
11103002
In base 9, what is -14143047 + -177?
-14143235
In base 9, what is -5 - -5234875?
5234870
In base 13, what is 148cc52 - 88?
148cb97
In base 12, what is 3147081 - -6?
3147087
In base 8, what is -246 + -5276017?
-5276265
In base 2, what is -100111011000110000101 + -10001?
-100111011000110010110
In base 8, what is -20175 - 1374?
-21571
In base 13, what is 0 + -45a78925?
-45a78925
In base 13, what is -709 + 6c0?
-19
In base 9, what is -2741 + -14667?
-17518
In base 10, what is -5982 - -2952?
-3030
In base 9, what is -4 - 652408?
-652413
In base 16, what is 5 + 34175e1?
34175e6
In base 10, what is -5912877 + -6?
-5912883
In base 5, what is -41232310 + 2112?
-41230143
In base 2, what is -101011111011101 + 111110000000?
-100100001011101
In base 12, what is -11432 - -4?
-1142a
In base 11, what is 4 - 1044660?
-1044657
In base 15, what is 0 + d7803b?
d7803b
In base 6, what is 115254134 - -45?
115254223
In base 8, what is 0 + 1445546460?
1445546460
In base 8, what is 16661 - -420?
17301
In base 4, what is -103 + -2023031232?
-2023032001
In base 6, what is 1100042200 - 224?
1100041532
In base 5, what is 213222 - 221001?
-2224
In base 3, what is -11 - 121222021001001011?
-121222021001001022
In base 13, what is -62295 + -677?
-6293c
In base 15, what is -5b23 - -b6?
-5a5c
In base 8, what is 1 - 1112203?
-1112202
In base 6, what is -304114 - 2013?
-310131
In base 6, what is -122154 - -11230?
-110524
In base 4, what is 10 + -200203311130?
-200203311120
In base 13, what is -4 - -671c11?
671c0a
In base 15, what is -96 + 25cb78?
25cad2
In base 7, what is -245550034 - 3?
-245550040
In base 12, what is 23758132 - 0?
23758132
In base 3, what is -101021200102020 - -11?
-101021200102002
In base 3, what is 101001202 + -2020102021?
-1212100112
In base 11, what is 864 - 69998?
-69134
In base 7, what is 125 + 5612020?
5612145
In base 15, what is -1c8 + 3169?
2e91
In base 8, what is -53 - 771410?
-771463
In base 12, what is 729119b + -4?
7291197
In base 5, what is 2411 - -204134203?
204142114
In base 3, what is -11010022211212 + 1112?
-11010022210100
In base 8, what is 160 - -106230?
106410
In base 16, what is 1912373 - -3?
1912376
In base 10, what is 35 - 9366222?
-9366187
In base 4, what is 222122100 + 212?
222122312
In base 7, what is -10 + -13503313?
-13503323
In base 3, what is 111 + -1011220201120?
-1011220201002
In base 13, what is 629a - 1bb?
60ac
In base 9, what is -2082706 + -107?
-2082814
In base 14, what is 1b28 + 3?
1b2b
In base 12, what is -11 + a4942b1?
a4942a0
In base 11, what is 246 + 62676?
62911
In base 15, what is 2 + -48d01aa?
-48d01a8
In base 2, what is 10110110011011011011 - 10101011100?
10110110000101111111
In base 4, what is -112 - -1232310100?
1232303322
In base 9, what is -1 - 27107024?
-27107025
In base 11, what is -4177 + 164?
-4013
In base 4, what is 10000332030 - -12?
10000332102
In base 7, what is 22425200 - -302?
22425502
In base 14, what is -35d489bb - -1?
-35d489ba
In base 10, what is 26 - -3374066?
3374092
In base 7, what is 5 - 46111545?
-46111540
In base 11, what is -19766 + 5264?
-14502
In base 5, what is -2 + 1243222331?
1243222324
In base 9, what is 26 + -136336?
-136310
In base 12, what is -2 + -6954a3?
-6954a5
In base 4, what is 0 - 3123001232130?
-3123001232130
In base 7, what is -1253142345 + -1?
-1253142346
In base 14, what is -c71825 - 2?
-c71827
In base 8, what is -115105 - -114?
-114771
In base 12, what is 641 - 28a218?
-289797
In base 10, what is 16153 - 13007?
3146
In base 2, what is -11 - 101111001001010010000101?
-101111001001010010001000
In base 7, what is 531 + -211112?
-210251
In base 16, what is 7061e5 - 0?
7061e5
In base 11, what is -5 - 3171849?
-3171853
In base 8, what is 7 - -10253161?
10253170
In base 5, what is -4 - -201010324?
201010320
In base 12, what is 6 - -5115092?
5115098
In base 3, what is -1121012101101220 - 2?
-1121012101101222
In base 13, what is -1c6a0 - 25b?
-1c92b
In base 14, what is 929b + -2763?
6938
In base 13, what is 1041c51 - -a2?
1042023
In base 6, what is -443 + 505352?
504505
In base 16, what is 7a673 - -3a?
7a6ad
In base 8, what is 1135040716 + 7?
1135040725
In base 5, what is -2313411134 - -142?
-2313410442
In base 4, what is 2121210012 - -320?
2121210332
In base 6, what is 125424 + 454?
130322
In base 10, what is 8025 - 40109?
-32084
In base 7, what is 32150 - -45055?
110235
In base 7, what is -50 + -4133423?
-4133503
In base 7, what is 14113200 + -421?
14112446
In base 12, what is -90 - 63543?
-63613
In base 9, what is 2 + -22018627?
-22018625
In base 2, what is 1010001111 - -101110000001110001?
101110001100000000
In base 12, what is -a + 265818?
26580a
In base 8, what is 3027 + 7536?
12565
In base 15, what is 50 + 14377?
143c7
In base 7, what is 423363311 - 1?
423363310
In base 15, what is -28 - d0093a?
-d00963
In base 8, what is -30774403 - -1?
-30774402
In